31eb (base 16) in base 3?
-212221211010
What is -230312321023 (base 4) in base 12?
-3b310b7
Convert -178313 (base 9) to base 4.
-123013113
Convert -1130132103 (base 4) to base 15.
-77366
Convert 4e56 (base 16) to base 5.
1120204
-918424 (base 10) to base 14
-19c9ba
Convert -a2a33 (base 12) to base 14.
-5751d
What is -14627e (base 15) in base 14?
-1b81a6
What is -3720061 (base 8) in base 9?
-1830652
-1111000011010111 (base 2) to base 3
-10010120112
Convert 341323410 (base 5) to base 4.
11300323001
Convert 18b86e (base 16) to base 3.
10001022022220
-373133 (base 9) to base 11
-144364
20ba920 (base 13) to base 3
200210121111101
Convert 4ecb3 (base 16) to base 8.
1166263
-10a6da9 (base 14) to base 9
-15830745
Convert 14780782 (base 9) to base 7.
116455025
What is -17805076 (base 9) in base 10?
-8979162
What is -1011130332 (base 4) in base 7?
-2263245
What is -6e1ce (base 16) in base 2?
-1101110000111001110
700989 (base 13) to base 3
11220010110200
-1011011011001111100 (base 2) to base 6
-12005152
-20036 (base 11) to base 9
-44188
-6634461 (base 7) to base 13
-227298
Convert 262329 (base 10) to base 12.
107989
-26894 (base 14) to base 3
-11211022022
What is 42de5 (base 16) in base 10?
273893
Convert 1321646 (base 14) to base 4.
203023322032
What is -395947 (base 10) in base 7?
-3236236
Convert 3417b (base 13) to base 5.
11012432
Convert 30632020 (base 7) to base 4.
21311232232
What is -3513264 (base 9) in base 5?
-441223121
1506260 (base 8) to base 14
b25d6
What is b1cb6 (base 13) in base 8?
1156121
Convert -23032323202 (base 4) to base 15.
-3d27ad
Convert -20130022 (base 4) to base 2.
-1000011100001010
Convert 110202100001002 (base 3) to base 11.
390a082
Convert 1586877 (base 10) to base 2.
110000011011010111101
-235343 (base 10) to base 8
-713517
Convert -213360 (base 9) to base 5.
-13032033
What is 506808 (base 11) in base 15?
1113b2
What is -2001111101002 (base 3) in base 8?
-4125332
What is -3283b4 (base 14) in base 11?
-a70005
Convert 30c491 (base 13) to base 11.
70a307
Convert -1021330300 (base 4) to base 6.
-10254144
What is -253134544 (base 6) in base 7?
-56514403
Convert 3b6a4 (base 16) to base 10.
243364
Convert -1101011010110111101100 (base 2) to base 5.
-1400033212
What is 1650077 (base 8) in base 13?
13a20b
What is 130344002 (base 5) in base 11?
3a5964
Convert 44330 (base 5) to base 10.
3090
a031c (base 14) to base 12
166806
What is 10220102100 (base 3) in base 2?
10010110000110011
-7741133 (base 8) to base 9
-3822084
What is 1081842 (base 12) in base 14?
5c19d0
What is -8648040 (base 10) in base 8?
-40772550
What is 3a1417 (base 13) in base 16?
15660e
Convert 3121010001 (base 4) to base 10.
889089
-824584 (base 9) to base 12
-1b6b27
-1101100100000101011 (base 2) to base 5
-103210314
Convert -1f5b1 (base 16) to base 3.
-20112011210
What is 1414605 (base 10) in base 6?
50153033
-200000212122 (base 3) to base 10
-354932
Convert -779984 (base 12) to base 16.
-1d0d34
What is -212101000011012 (base 3) in base 8?
-57301766
1110210122101 (base 3) to base 11
495656
-2d8d48 (base 14) to base 11
-9a2900
What is 55d00 (base 14) in base 12?
a06a4
-423606 (base 8) to base 5
-14004230
113310301 (base 4) to base 10
97585
What is -2124111203 (base 5) in base 14?
-8590d3
What is -36740 (base 9) in base 3?
-1020211100
Convert 6324666 (base 9) to base 15.
46c2bc
Convert 1216882 (base 9) to base 6.
22101032
Convert 449d91 (base 15) to base 7.
36552355
What is -11102212022212 (base 3) in base 5?
-1100444113
What is -256266 (base 8) in base 7?
-521156
207207 (base 8) to base 11
4803a
Convert 2a68a8 (base 13) to base 5.
231332433
25152534 (base 6) to base 13
223a41
Convert -4a27 (base 16) to base 4.
-10220213
-426851 (base 9) to base 5
-31120021
-390c84 (base 16) to base 8
-16206204
Convert -43330023 (base 5) to base 6.
-11535530
-12346043 (base 7) to base 14
-212723
579652 (base 10) to base 3
1002110010121
What is -6566043 (base 7) in base 9?
-1458176
Convert 3310032 (base 6) to base 11.
102748
Convert 10111001000111011010010 (base 2) to base 4.
113020323102
What is c5291 (base 13) in base 5?
42313143
21222011111 (base 3) to base 11
a7937
What is -100101110100110110 (base 2) in base 5?
-14424214
-64250 (base 10) to base 4
-33223322
Convert 157a950 (base 12) to base 11.
2531254
Convert -2aa85 (base 14) to base 10.
-106349
What is -2101013020 (base 4) in base 3?
-1010012022221
Convert 1183ad (base 14) to base 2.
10010010001110010101
-24041233 (base 5) to base 4
-312010003
What is -4a150 (base 11) in base 8?
-214562
-257707 (base 8) to base 15
-1ba3a
49a80a (base 13) to base 10
1765553
What is 304506 (base 8) in base 5?
11210203
What is 12352524 (base 6) in base 13?
111988
Convert 1220030003 (base 4) to base 6.
13051415
Convert -169b5e (base 16) to base 2.
-101101001101101011110
Convert 2307517 (base 9) to base 2.
100110000000101110001
46441 (base 8) to base 3
1000002022
Convert -38809 (base 14) to base 15.
-2b1bc
What is -430 (base 8) in base 15?
-13a
5341022 (base 6) to base 12
107772
a787 (base 16) to base 11
2a249
12301503 (base 6) to base 7
3242235
What is 243278 (base 10) in base 7?
2032160
-248dd2 (base 14) to base 9
-2321138
Convert -321130015 (base 6) to base 14.
-a73871
What is -444585 (base 9) in base 13?
-94001
-996c0 (base 14) to base 6
-11545120
-a278aa (base 11) to base 15
-228e32
What is -401122342 (base 5) in base 3?
-2222102020222
What is 10000014 (base 5) in base 3?
10222011212
What is 11307 (base 11) in base 16?
3fd6
Convert 3954a4 (base 11) to base 7.
5200631
What is -4579938 (base 10) in base 2?
-10001011110001001100010
What is 5a4543 (base 11) in base 10?
957641
What is -b6a35 (base 12) in base 10?
-239945
53899a (base 11) to base 10
861024
4cc4d (base 16) to base 10
314445
Convert 477400 (base 8) to base 3.
22022101200
-14e810 (base 15) to base 16
-f6cfc
What is -95ee2 (base 16) in base 8?
-2257342
306924 (base 10) to base 12
129750
Convert 287e7 (base 15) to base 16.
1fbfa
-302174 (base 10) to base 12
-126a52
What is -139286 (base 11) in base 16?
-350c9
Convert -3532535 (base 6) to base 11.
-115851
Convert 20031130022 (base 4) to base 3.
11001100021012
What is -3301223013 (base 5) in base 2?
-11010111010010110100110
What is 3215502 (base 9) in base 13?
484361
Convert 2680a5 (base 11) to base 8.
1465547
Convert -4698270 (base 11) to base 3.
-120102100211010
Convert 1010111010001110111 (base 2) to base 9.
604346
What is 170428 (base 12) in base 7?
3232262
Convert -12213123102 (base 4) to base 11.
-a85056
What is -192481 (base 11) in base 7?
-2342064
765130 (base 8) to base 11
165873
1c2c4 (base 15) to base 6
1544451
Convert 101010110101110000 (base 2) to base 4.
222311300
What is 110100101001000101111011 (base 2) in base 16?
d2917b
What is -14257a (base 16) in base 8?
-5022572
Convert -44031044 (base 5) to base 15.
-76a9e
Convert 126336 (base 8) to base 7.
243010
Convert -434ab (base 13) to base 10.
-121652
What is -14666221 (base 8) in base 13?
-90cc79
113100222 (base 4) to base 9
154620
331660 (base 16) to base 3
20022002200101
What is 302001220210 (base 4) in base 6?
1145024244
What is 2cc734 (base 14) in base 4?
11333202222
-356250 (base 7) to base 3
-10021122020
1030304043 (base 5) to base 8
10303626
What is 101300220 (base 4) in base 11?
4a721
-93539 (base 12) to base 7
-1431303
Convert 398d (base 14) to base 13.
47b7
Convert 1bce99 (base 15) to base 7.
14363100
Convert 21444034 (base 9) to base 5.
10123102031
Convert 51b4b6 (base 12) to base 16.
139a0a
-10011110000001000 (base 2) to base 15
-18e89
ca0e (base 16) to base 2
1100101000001110
What is 1311033223 (base 4) in base 13?
13a782
4413212 (base 6) to base 15
451a2
Convert -1816207 (base 11) to base 6.
-150024233
-1143425 (base 6) to base 15
-12d85
What is -330210212 (base 4) in base 8?
-744446
What is -20698 (base 15) in base 7?
-605354
7369 (base 12) to base 2
11000101000001
481225 (base 9) to base 15
5ac18
-9a4a19 (base 11) to base 8
-6071567
-2213354 (base 6) to base 4
-123011212
Convert -3166d (base 15) to base 12.
-76827
-221201102201 (base 3) to base 6
-14503414
Convert 110101101001011001 (base 2) to base 6.
4413145
Convert -313751 (base 12) to base 14.
-161c4d
What is 1b6553 (base 12) in base 11?
303779
321311565 (base 7) to base 8
110721223
Convert 122401 (base 6